{"id":4356,"date":"2021-07-19T10:43:17","date_gmt":"2021-07-19T10:43:17","guid":{"rendered":"https:\/\/luismunozmarin.org\/?post_type=product&#038;p=4356"},"modified":"2026-03-21T19:21:53","modified_gmt":"2026-03-21T23:21:53","slug":"new-product-63","status":"publish","type":"product","link":"https:\/\/luismunozmarin.org\/en\/product\/new-product-63\/","title":{"rendered":"C\u00edrculo de la Memoria en la Fundaci\u00f3n Luis Mu\u00f1oz Mar\u00edn: un proyecto de historia oral."},"content":{"rendered":"","protected":false},"excerpt":{"rendered":"<p><span data-sheets-value=\"{&quot;1&quot;:2,&quot;2&quot;:&quot;La utilizaci\u00f3n de historias orales para beneficio de la historia ha tenido ya un camino probado. Principalmente se ha recurrido a ella para darle voz a los \u201csin historia\u201d o para incluir las historias personales, familiares y de la comunidad como complemento y\/o contraparte a la historia oficial. En la Fundaci\u00f3n Luis Mu\u00f1oz Mar\u00edn (FLMM) tenemos el inter\u00e9s de expandir el proyecto de historia oral que se ha estado realizando durante los pasados a\u00f1os para aumentar nuestro acervo de documentaci\u00f3n hist\u00f3rica del siglo XX en Puerto Rico. Muchas de las entrevistas de historia oral que se han llevado a cabo en la FLMM est\u00e1n vinculadas a personas cercanas y familiares de Mu\u00f1oz. En esta ocasi\u00f3n estamos incluyendo a las personas que vivieron, los actores, de la transformaci\u00f3n social, econ\u00f3mica y pol\u00edtica que estos l\u00edderes estaban encauzando. Estas memorias tienen particular inter\u00e9s pues estas reflejan la historia vista desde la gente, desde la comunidad. Este proyecto pretende resaltar la relevancia que tienen las historias personales en la construcci\u00f3n de la historia del pa\u00eds. Con el proyecto C\u00edrculo de la Memoria en la Fundaci\u00f3n Luis Mu\u00f1oz Mar\u00edn se realizaron sesiones de recopilaci\u00f3n de historia oral con personas de edad avanzada de los municipios de Trujillo Alto y Carolina. &quot;}\" data-sheets-userformat=\"{&quot;2&quot;:14845,&quot;3&quot;:{&quot;1&quot;:1},&quot;5&quot;:{&quot;1&quot;:[{&quot;1&quot;:2,&quot;2&quot;:0,&quot;5&quot;:{&quot;1&quot;:2,&quot;2&quot;:13158600}},{&quot;1&quot;:0,&quot;2&quot;:0,&quot;3&quot;:3},{&quot;1&quot;:1,&quot;2&quot;:0,&quot;4&quot;:1}]},&quot;6&quot;:{&quot;1&quot;:[{&quot;1&quot;:2,&quot;2&quot;:0,&quot;5&quot;:{&quot;1&quot;:2,&quot;2&quot;:13158600}},{&quot;1&quot;:0,&quot;2&quot;:0,&quot;3&quot;:3},{&quot;1&quot;:1,&quot;2&quot;:0,&quot;4&quot;:1}]},&quot;7&quot;:{&quot;1&quot;:[{&quot;1&quot;:2,&quot;2&quot;:0,&quot;5&quot;:{&quot;1&quot;:2,&quot;2&quot;:13158600}},{&quot;1&quot;:0,&quot;2&quot;:0,&quot;3&quot;:3},{&quot;1&quot;:1,&quot;2&quot;:0,&quot;4&quot;:1}]},&quot;8&quot;:{&quot;1&quot;:[{&quot;1&quot;:2,&quot;2&quot;:0,&quot;5&quot;:{&quot;1&quot;:2,&quot;2&quot;:13158600}},{&quot;1&quot;:0,&quot;2&quot;:0,&quot;3&quot;:3},{&quot;1&quot;:1,&quot;2&quot;:0,&quot;4&quot;:1}]},&quot;9&quot;:1,&quot;10&quot;:0,&quot;11&quot;:4,&quot;14&quot;:{&quot;1&quot;:2,&quot;2&quot;:0},&quot;15&quot;:&quot;Times New Roman&quot;,&quot;16&quot;:13}\">La utilizaci\u00f3n de historias orales para beneficio de la historia ha tenido ya un camino probado. Principalmente se ha recurrido a ella para darle voz a los \u201csin historia\u201d o para incluir las historias personales, familiares y de la comunidad como complemento y\/o contraparte a la historia oficial. En la Fundaci\u00f3n Luis Mu\u00f1oz Mar\u00edn (FLMM) tenemos el inter\u00e9s de expandir el proyecto de historia oral que se ha estado realizando durante los pasados a\u00f1os para aumentar nuestro acervo de documentaci\u00f3n hist\u00f3rica del siglo XX en Puerto Rico. Muchas de las entrevistas de historia oral que se han llevado a cabo en la FLMM est\u00e1n vinculadas a personas cercanas y familiares de Mu\u00f1oz. En esta ocasi\u00f3n estamos incluyendo a las personas que vivieron, los actores, de la transformaci\u00f3n social, econ\u00f3mica y pol\u00edtica que estos l\u00edderes estaban encauzando. Estas memorias tienen particular inter\u00e9s pues estas reflejan la historia vista desde la gente, desde la comunidad. Este proyecto pretende resaltar la relevancia que tienen las historias personales en la construcci\u00f3n de la historia del pa\u00eds. Con el proyecto C\u00edrculo de la Memoria en la Fundaci\u00f3n Luis Mu\u00f1oz Mar\u00edn se realizaron sesiones de recopilaci\u00f3n de historia oral con personas de edad avanzada de los municipios de Trujillo Alto y Carolina. <\/span><\/p>\n","protected":false},"featured_media":4492,"template":"","meta":{"inline_featured_image":false},"product_brand":[],"product_cat":[60],"product_tag":[],"class_list":{"0":"post-4356","1":"product","2":"type-product","3":"status-publish","4":"has-post-thumbnail","6":"product_cat-libros","7":"product_shipping_class-libros","9":"first","10":"outofstock","11":"purchasable","12":"product-type-simple"},"_links":{"self":[{"href":"https:\/\/luismunozmarin.org\/en\/wp-json\/wp\/v2\/product\/4356","targetHints":{"allow":["GET"]}}],"collection":[{"href":"https:\/\/luismunozmarin.org\/en\/wp-json\/wp\/v2\/product"}],"about":[{"href":"https:\/\/luismunozmarin.org\/en\/wp-json\/wp\/v2\/types\/product"}],"wp:featuredmedia":[{"embeddable":true,"href":"https:\/\/luismunozmarin.org\/en\/wp-json\/wp\/v2\/media\/4492"}],"wp:attachment":[{"href":"https:\/\/luismunozmarin.org\/en\/wp-json\/wp\/v2\/media?parent=4356"}],"wp:term":[{"taxonomy":"product_brand","embeddable":true,"href":"https:\/\/luismunozmarin.org\/en\/wp-json\/wp\/v2\/product_brand?post=4356"},{"taxonomy":"product_cat","embeddable":true,"href":"https:\/\/luismunozmarin.org\/en\/wp-json\/wp\/v2\/product_cat?post=4356"},{"taxonomy":"product_tag","embeddable":true,"href":"https:\/\/luismunozmarin.org\/en\/wp-json\/wp\/v2\/product_tag?post=4356"}],"curies":[{"name":"wp","href":"https:\/\/api.w.org\/{rel}","templated":true}]}}

Círculo de la Memoria en la Fundación Luis Muñoz Marín: un proyecto de historia oral.

<p><span data-sheets-value="{&quot;1&quot;:2,&quot;2&quot;:&quot;La utilización de historias orales para beneficio de la historia ha tenido ya un camino probado. Principalmente se ha recurrido a ella para darle voz a los “sin historia” o para incluir las historias personales, familiares y de la comunidad como complemento y/o contraparte a la historia oficial. En la Fundación Luis Muñoz Marín (FLMM) tenemos el interés de expandir el proyecto de historia oral que se ha estado realizando durante los pasados años para aumentar nuestro acervo de documentación histórica del siglo XX en Puerto Rico. Muchas de las entrevistas de historia oral que se han llevado a cabo en la FLMM están vinculadas a personas cercanas y familiares de Muñoz. En esta ocasión estamos incluyendo a las personas que vivieron, los actores, de la transformación social, económica y política que estos líderes estaban encauzando. Estas memorias tienen particular interés pues estas reflejan la historia vista desde la gente, desde la comunidad. Este proyecto pretende resaltar la relevancia que tienen las historias personales en la construcción de la historia del país. Con el proyecto Círculo de la Memoria en la Fundación Luis Muñoz Marín se realizaron sesiones de recopilación de historia oral con personas de edad avanzada de los municipios de Trujillo Alto y Carolina. &quot;}" data-sheets-userformat="{&quot;2&quot;:14845,&quot;3&quot;:{&quot;1&quot;:1},&quot;5&quot;:{&quot;1&quot;:[{&quot;1&quot;:2,&quot;2&quot;:0,&quot;5&quot;:{&quot;1&quot;:2,&quot;2&quot;:13158600}},{&quot;1&quot;:0,&quot;2&quot;:0,&quot;3&quot;:3},{&quot;1&quot;:1,&quot;2&quot;:0,&quot;4&quot;:1}]},&quot;6&quot;:{&quot;1&quot;:[{&quot;1&quot;:2,&quot;2&quot;:0,&quot;5&quot;:{&quot;1&quot;:2,&quot;2&quot;:13158600}},{&quot;1&quot;:0,&quot;2&quot;:0,&quot;3&quot;:3},{&quot;1&quot;:1,&quot;2&quot;:0,&quot;4&quot;:1}]},&quot;7&quot;:{&quot;1&quot;:[{&quot;1&quot;:2,&quot;2&quot;:0,&quot;5&quot;:{&quot;1&quot;:2,&quot;2&quot;:13158600}},{&quot;1&quot;:0,&quot;2&quot;:0,&quot;3&quot;:3},{&quot;1&quot;:1,&quot;2&quot;:0,&quot;4&quot;:1}]},&quot;8&quot;:{&quot;1&quot;:[{&quot;1&quot;:2,&quot;2&quot;:0,&quot;5&quot;:{&quot;1&quot;:2,&quot;2&quot;:13158600}},{&quot;1&quot;:0,&quot;2&quot;:0,&quot;3&quot;:3},{&quot;1&quot;:1,&quot;2&quot;:0,&quot;4&quot;:1}]},&quot;9&quot;:1,&quot;10&quot;:0,&quot;11&quot;:4,&quot;14&quot;:{&quot;1&quot;:2,&quot;2&quot;:0},&quot;15&quot;:&quot;Times New Roman&quot;,&quot;16&quot;:13}">La utilización de historias orales para beneficio de la historia ha tenido ya un camino probado. Principalmente se ha recurrido a ella para darle voz a los “sin historia” o para incluir las historias personales, familiares y de la comunidad como complemento y/o contraparte a la historia oficial. En la Fundación Luis Muñoz Marín (FLMM) tenemos el interés de expandir el proyecto de historia oral que se ha estado realizando durante los pasados años para aumentar nuestro acervo de documentación histórica del siglo XX en Puerto Rico. Muchas de las entrevistas de historia oral que se han llevado a cabo en la FLMM están vinculadas a personas cercanas y familiares de Muñoz. En esta ocasión estamos incluyendo a las personas que vivieron, los actores, de la transformación social, económica y política que estos líderes estaban encauzando. Estas memorias tienen particular interés pues estas reflejan la historia vista desde la gente, desde la comunidad. Este proyecto pretende resaltar la relevancia que tienen las historias personales en la construcción de la historia del país. Con el proyecto Círculo de la Memoria en la Fundación Luis Muñoz Marín se realizaron sesiones de recopilación de historia oral con personas de edad avanzada de los municipios de Trujillo Alto y Carolina. </span></p>
