{"id":6692,"date":"2025-05-09T01:07:29","date_gmt":"2025-05-09T05:07:29","guid":{"rendered":"https:\/\/luismunozmarin.org\/?post_type=product&#038;p=6692"},"modified":"2025-05-09T01:15:32","modified_gmt":"2025-05-09T05:15:32","slug":"las-memorias-de-leahy","status":"publish","type":"product","link":"https:\/\/luismunozmarin.org\/en\/product\/las-memorias-de-leahy\/","title":{"rendered":"Las memorias de Leahy"},"content":{"rendered":"","protected":false},"excerpt":{"rendered":"<h3>Editor: Jorge Rodr\u00edguez Beruff<\/h3>\n<ul>\n<li>Los relatos del almirante William D. Leahy sobre su gobernaci\u00f3n de Puerto Rico (1939-1940)<\/li>\n<\/ul>\n<p class=\"\" data-start=\"119\" data-end=\"907\">Este libro presenta los diarios del almirante William D. Leahy, quien gobern\u00f3 Puerto Rico del 11 de septiembre de 1939 al 5 de diciembre de 1940. Fue un periodo de procesos pol\u00edticos decisivos, como la crisis de la Coalici\u00f3n Republicana-Socialista, la formaci\u00f3n de la Unificaci\u00f3n Puertorrique\u00f1a Tripartita y el ascenso del Partido Popular Democr\u00e1tico al poder. Tambi\u00e9n estuvo marcado por el inicio de la Segunda Guerra Mundial y la ejecuci\u00f3n de ambiciosos planes de defensa que incluyeron la construcci\u00f3n de grandes bases militares en la isla. A pesar de su relevancia, este periodo ha sido poco conocido y estudiado. Leahy regresar\u00eda en 1948 para mediar en el conflicto entre el gobierno de Puerto Rico y las fuerzas armadas sobre las propiedades militares, incluyendo Vieques y Culebra.<\/p>\n<p class=\"\" data-start=\"909\" data-end=\"1383\">El editor descubri\u00f3 hace algunos a\u00f1os dos versiones \u2014una de 1940 y otra de 1949\u2014 de las memorias del almirante Leahy sobre su mandato, en archivos de San Juan y Wisconsin. Hasta entonces, no se sab\u00eda que este personaje clave hubiera escrito memorias de ese periodo; eran textos perdidos. Estos documentos arrojan nueva luz sobre su mentalidad y visi\u00f3n del pa\u00eds, su misi\u00f3n en Puerto Rico y los conflictos pol\u00edticos de la \u00e9poca. Se trata de materiales de gran valor hist\u00f3rico.<\/p>","protected":false},"featured_media":6693,"template":"","meta":{"inline_featured_image":false},"product_brand":[],"product_cat":[60],"product_tag":[],"class_list":{"0":"post-6692","1":"product","2":"type-product","3":"status-publish","4":"has-post-thumbnail","6":"product_cat-libros","7":"product_shipping_class-libros","9":"first","10":"instock","11":"purchasable","12":"product-type-simple"},"_links":{"self":[{"href":"https:\/\/luismunozmarin.org\/en\/wp-json\/wp\/v2\/product\/6692","targetHints":{"allow":["GET"]}}],"collection":[{"href":"https:\/\/luismunozmarin.org\/en\/wp-json\/wp\/v2\/product"}],"about":[{"href":"https:\/\/luismunozmarin.org\/en\/wp-json\/wp\/v2\/types\/product"}],"wp:featuredmedia":[{"embeddable":true,"href":"https:\/\/luismunozmarin.org\/en\/wp-json\/wp\/v2\/media\/6693"}],"wp:attachment":[{"href":"https:\/\/luismunozmarin.org\/en\/wp-json\/wp\/v2\/media?parent=6692"}],"wp:term":[{"taxonomy":"product_brand","embeddable":true,"href":"https:\/\/luismunozmarin.org\/en\/wp-json\/wp\/v2\/product_brand?post=6692"},{"taxonomy":"product_cat","embeddable":true,"href":"https:\/\/luismunozmarin.org\/en\/wp-json\/wp\/v2\/product_cat?post=6692"},{"taxonomy":"product_tag","embeddable":true,"href":"https:\/\/luismunozmarin.org\/en\/wp-json\/wp\/v2\/product_tag?post=6692"}],"curies":[{"name":"wp","href":"https:\/\/api.w.org\/{rel}","templated":true}]}}

<h3>Editor: Jorge Rodríguez Beruff</h3>
<ul>
<li>Los relatos del almirante William D. Leahy sobre su gobernación de Puerto Rico (1939-1940)</li>
</ul>
<p class="" data-start="119" data-end="907">Este libro presenta los diarios del almirante William D. Leahy, quien gobernó Puerto Rico del 11 de septiembre de 1939 al 5 de diciembre de 1940. Fue un periodo de procesos políticos decisivos, como la crisis de la Coalición Republicana-Socialista, la formación de la Unificación Puertorriqueña Tripartita y el ascenso del Partido Popular Democrático al poder. También estuvo marcado por el inicio de la Segunda Guerra Mundial y la ejecución de ambiciosos planes de defensa que incluyeron la construcción de grandes bases militares en la isla. A pesar de su relevancia, este periodo ha sido poco conocido y estudiado. Leahy regresaría en 1948 para mediar en el conflicto entre el gobierno de Puerto Rico y las fuerzas armadas sobre las propiedades militares, incluyendo Vieques y Culebra.</p>
<p class="" data-start="909" data-end="1383">El editor descubrió hace algunos años dos versiones —una de 1940 y otra de 1949— de las memorias del almirante Leahy sobre su mandato, en archivos de San Juan y Wisconsin. Hasta entonces, no se sabía que este personaje clave hubiera escrito memorias de ese periodo; eran textos perdidos. Estos documentos arrojan nueva luz sobre su mentalidad y visión del país, su misión en Puerto Rico y los conflictos políticos de la época. Se trata de materiales de gran valor histórico.</p>
